{"id":147,"date":"2015-01-22T08:58:45","date_gmt":"2015-01-22T08:58:45","guid":{"rendered":"http:\/\/www.cpge-brizeux.fr\/wordpress\/?page_id=147"},"modified":"2026-04-19T23:41:06","modified_gmt":"2026-04-19T21:41:06","slug":"pcsi","status":"publish","type":"page","link":"https:\/\/www.cpge-brizeux.fr\/wordpress\/pcsi","title":{"rendered":"PCSI"},"content":{"rendered":"<div style=\"border: 2px solid; border-radius: 6px; color: #472d83; padding-top: 1px; padding-bottom: 10px; padding-left: 20px; margin: 1px;\">\n<p style=\"text-align: center;\"><b><big><span style=\"color: #472d83;\">Documents utiles<\/span><\/big><\/b><\/p>\n<ul style=\"color: #472d83; padding-left: 20px; margin-left: 20px;\">\n<li><a href=\"https:\/\/www.cpge-brizeux.fr\/wordpress\/wp-content\/uploads\/Planning_IntOra_PCSI_2025_2026_S2.pdf\">Planning d&rsquo;interrogations orales S2<\/a><\/li>\n<li><a href=\"https:\/\/www.cpge-brizeux.fr\/wordpress\/wp-content\/uploads\/Pos_IntOra_S2.pdf\">Salles d&rsquo;interrogations orales<\/a> (mis \u00e0 jour le <strong>21<\/strong> mars)<\/li>\n<li><a href=\"https:\/\/www.cpge-brizeux.fr\/wordpress\/wp-content\/uploads\/Planning_DS_2025_2026-1-1.pdf\">Planning pr\u00e9visionnel des DS<\/a> (m\u00e0j 14\/12)<\/li>\n<li><a href=\"https:\/\/cahier-de-prepa.fr\/pcsi-brizeux\/\">Notes d&rsquo;interrogations orales<\/a><\/li>\n<li><a href=\"https:\/\/www.toutatice.fr\/portail\">Portail Tout@tice pour Pronote<\/a><\/li>\n<li><a href=\"https:\/\/www.cpge-brizeux.fr\/wordpress\/wp-content\/uploads\/EDT_PCSI_S2_2025_2026.pdf\">Emploi du temps semestre 2<\/a><\/li>\n<li><a href=\"https:\/\/www.cpge-brizeux.fr\/wordpress\/wp-content\/uploads\/EDT_PCSI_CCB_V4.pdf\">Planning du CCB<\/a><\/li>\n<\/ul>\n<\/div>\n<div style=\"border: 2px solid; border-radius: 6px; color: #472d83; padding-top: 1px; padding-bottom: 1px; padding-left: 20px; margin: 1px;\">\n<p style=\"text-align: center;\"><b><big><span style=\"color: #472d83;\">Cahiers de textes 2025-2026<\/span><\/big><\/b><\/p>\n<ul style=\"color: #472d83; padding-left: 20px; margin-left: 20px;\">\n<li><a href=\"http:\/\/www.cpge-brizeux.fr\/wordpress\/category\/pcsi\/maths-pcsi-2526\">Math\u00e9matiques<\/a><\/li>\n<li><a href=\"http:\/\/www.cpge-brizeux.fr\/wordpress\/category\/pcsi\/physique-pcsi-2526\">Physique<\/a><\/li>\n<li><a href=\"http:\/\/www.cpge-brizeux.fr\/wordpress\/category\/pcsi\/chimie-pcsi-2526\">Chimie<\/a><\/li>\n<li><a href=\"http:\/\/www.cpge-brizeux.fr\/wordpress\/category\/pcsi\/sii-pcsi-2526\">Sciences Industrielles de l&rsquo;Ing\u00e9nieur<\/a><\/li>\n<li><a href=\"http:\/\/www.cpge-brizeux.fr\/wordpress\/category\/pcsi\/info-pcsi-2526\">Informatique<\/a><\/li>\n<li><a href=\"http:\/\/www.cpge-brizeux.fr\/wordpress\/category\/pcsi\/tipe-pcsi-2526\">TIPE<\/a><\/li>\n<li><a href=\"http:\/\/www.cpge-brizeux.fr\/wordpress\/category\/pcsi\/lettres-pcsi-2526\">Lettres-Philosophie<\/a><\/li>\n<li>Anglais\u00a0: <a href=\"http:\/\/www.cpge-brizeux.fr\/wordpress\/category\/pcsi\/anglais-pcsi-2526\">cours et devoirs <\/a>\/ <a href=\"https:\/\/padlet.com\/annaick_christien\/2025-2026-mock-oral-exams-in-pcsi-l0y7v9mxcid4\">kh\u00f4lles<\/a> \/ <a href=\"https:\/\/padlet.com\/annaick_christien\/general-knowledge-nimo2l5trhh3vxw3\">culture g\u00e9n\u00e9rale<\/a> \/ <a href=\"https:\/\/padlet.com\/annaick_christien\/pronunciation-i3dq34e1olwn\">prononciation<\/a><\/li>\n<li>LVB sur Pronote<\/li>\n<\/ul>\n<\/div>\n<div style=\"border: 2px solid; border-radius: 6px; color: #848484; padding-top: 1px; padding-bottom: 1px; padding-left: 20px; margin: 1px;\">\n<p style=\"text-align: center;\"><b><big><span style=\"color: #848484;\">Cahiers de textes 2024-2025<\/span><\/big><\/b><\/p>\n<ul style=\"color: #848484; padding-left: 20px; margin-left: 20px;\">\n<li><a href=\"http:\/\/www.cpge-brizeux.fr\/wordpress\/category\/pcsi\/maths-pcsi-2425\">Math\u00e9matiques<\/a><\/li>\n<li><a href=\"http:\/\/www.cpge-brizeux.fr\/wordpress\/category\/pcsi\/physique-pcsi-2425\">Physique<\/a><\/li>\n<li><a href=\"http:\/\/www.cpge-brizeux.fr\/wordpress\/category\/pcsi\/chimie-pcsi-2425\">Chimie<\/a><\/li>\n<li><a href=\"http:\/\/www.cpge-brizeux.fr\/wordpress\/category\/pcsi\/sii-pcsi-2425\">Sciences Industrielles de l&rsquo;Ing\u00e9nieur<\/a><\/li>\n<li><a href=\"http:\/\/www.cpge-brizeux.fr\/wordpress\/category\/pcsi\/info-pcsi-2425\">Informatique<\/a><\/li>\n<li><a href=\"http:\/\/www.cpge-brizeux.fr\/wordpress\/category\/pcsi\/tipe-pcsi-2425\">TIPE<\/a><\/li>\n<li><a href=\"http:\/\/www.cpge-brizeux.fr\/wordpress\/category\/pcsi\/lettres-pcsi-2425\">Lettres-Philosophie<\/a><\/li>\n<li>Anglais\u00a0: <a href=\"http:\/\/www.cpge-brizeux.fr\/wordpress\/category\/pcsi\/anglais-pcsi-2425\"><span style=\"color: #000000;\">cours et devoirs<\/span><\/a>\u00a0\/ <a href=\"https:\/\/padlet.com\/annaick_christien\/2024-2025-mock-oral-exams-in-pcsi-l0y7v9mxcid4\">kh\u00f4lles<\/a> \/\u00a0<a href=\"https:\/\/padlet.com\/annaick_christien\/general-knowledge-nimo2l5trhh3vxw3\">culture g\u00e9n\u00e9rale<\/a>\u00a0 \/\u00a0<a href=\"https:\/\/padlet.com\/annaick_christien\/pronunciation-i3dq34e1olwn\">prononciation<\/a><\/li>\n<li>LVB sur Pronote<\/li>\n<\/ul>\n<\/div>\n","protected":false},"excerpt":{"rendered":"<p>Documents utiles Planning d&rsquo;interrogations orales S2 Salles d&rsquo;interrogations orales (mis \u00e0 jour le 21 mars) Planning pr\u00e9visionnel des DS (m\u00e0j 14\/12) Notes d&rsquo;interrogations orales Portail Tout@tice pour Pronote Emploi du temps semestre 2 Planning du CCB Cahiers de textes 2025-2026&hellip;<\/p>\n<p class=\"more-link-p\"><a class=\"more-link\" href=\"https:\/\/www.cpge-brizeux.fr\/wordpress\/pcsi\">Read more &rarr;<\/a><\/p>\n","protected":false},"author":1,"featured_media":0,"parent":0,"menu_order":0,"comment_status":"closed","ping_status":"closed","template":"","meta":{"footnotes":""},"class_list":["post-147","page","type-page","status-publish","hentry"],"_links":{"self":[{"href":"https:\/\/www.cpge-brizeux.fr\/wordpress\/wp-json\/wp\/v2\/pages\/147","targetHints":{"allow":["GET"]}}],"collection":[{"href":"https:\/\/www.cpge-brizeux.fr\/wordpress\/wp-json\/wp\/v2\/pages"}],"about":[{"href":"https:\/\/www.cpge-brizeux.fr\/wordpress\/wp-json\/wp\/v2\/types\/page"}],"author":[{"embeddable":true,"href":"https:\/\/www.cpge-brizeux.fr\/wordpress\/wp-json\/wp\/v2\/users\/1"}],"replies":[{"embeddable":true,"href":"https:\/\/www.cpge-brizeux.fr\/wordpress\/wp-json\/wp\/v2\/comments?post=147"}],"version-history":[{"count":551,"href":"https:\/\/www.cpge-brizeux.fr\/wordpress\/wp-json\/wp\/v2\/pages\/147\/revisions"}],"predecessor-version":[{"id":38587,"href":"https:\/\/www.cpge-brizeux.fr\/wordpress\/wp-json\/wp\/v2\/pages\/147\/revisions\/38587"}],"wp:attachment":[{"href":"https:\/\/www.cpge-brizeux.fr\/wordpress\/wp-json\/wp\/v2\/media?parent=147"}],"curies":[{"name":"wp","href":"https:\/\/api.w.org\/{rel}","templated":true}]}}