{"id":153,"date":"2015-01-22T09:05:33","date_gmt":"2015-01-22T09:05:33","guid":{"rendered":"http:\/\/www.cpge-brizeux.fr\/wordpress\/?page_id=153"},"modified":"2026-03-21T12:31:43","modified_gmt":"2026-03-21T10:31:43","slug":"pc","status":"publish","type":"page","link":"https:\/\/www.cpge-brizeux.fr\/wordpress\/pc","title":{"rendered":"PC"},"content":{"rendered":"<div style=\"border: 2px solid; border-radius: 6px; color: #472d83; padding-top: 1px; padding-bottom: 1px; padding-left: 20px; margin: 1px;\">\n<p><b><big><span style=\"color: #472d83;\">Documents utiles<\/span><\/big><\/b><\/p>\n<ul style=\"color: #472d83; padding-left: 20px; margin-left: 20px;\">\n<li><a href=\"https:\/\/www.cpge-brizeux.fr\/wordpress\/wp-content\/uploads\/Planning_IntOra_PC_2025_2026-1.pdf\">Planning des interrogations orales<\/a> (mis \u00e0 jour le 01 f\u00e9vrier)<\/li>\n<li><a href=\"https:\/\/www.cpge-brizeux.fr\/wordpress\/wp-content\/uploads\/Pos_IntOra_S2.pdf\">Salles d&rsquo;interrogations orales<\/a> (mis \u00e0 jour le <strong>21<\/strong> mars)<\/li>\n<li><a href=\"https:\/\/www.cpge-brizeux.fr\/wordpress\/wp-content\/uploads\/EDT_PC_2025_2026.pdf\">Emploi du temps de l&rsquo;ann\u00e9e<\/a><\/li>\n<li><a href=\"https:\/\/www.cpge-brizeux.fr\/wordpress\/wp-content\/uploads\/Planning_DS_2025_2026.pdf\">Planning indicatif des DS<\/a><\/li>\n<li><a href=\"https:\/\/cahier-de-prepa.fr\/pc-brizeux\/\">Notes d&rsquo;interrogations orales<\/a><\/li>\n<li><a href=\"https:\/\/www.toutatice.fr\/portail\">Portail Tout@tice pour Pronote<\/a><\/li>\n<\/ul>\n<\/div>\n<div style=\"border: 2px solid; border-radius: 6px; color: #472d83; padding-top: 1px; padding-bottom: 1px; padding-left: 20px; margin: 1px;\">\n<p><b><big><span style=\"color: #472d83;\">Cahiers de textes 2025-2026<\/span><\/big><\/b><\/p>\n<ul style=\"color: #472d83; padding-left: 20px; margin-left: 20px;\">\n<li><a href=\"http:\/\/www.cpge-brizeux.fr\/wordpress\/category\/pc\/mathematiques-pc-2526\">Math\u00e9matiques<\/a><\/li>\n<li><a href=\"http:\/\/www.cpge-brizeux.fr\/wordpress\/category\/pc\/physique-pc-2526\">Physique<\/a><\/li>\n<li><a href=\"https:\/\/www.cpge-brizeux.fr\/wordpress\/category\/pc\/chimie-pc-2526\">Chimie<\/a><\/li>\n<li><a href=\"http:\/\/www.cpge-brizeux.fr\/wordpress\/category\/pc\/informatique-pc-2526\">Informatique<\/a><\/li>\n<li><a href=\"http:\/\/www.cpge-brizeux.fr\/wordpress\/category\/pc\/tipe-pc-2526\">TIPE<\/a><\/li>\n<li><a href=\"http:\/\/www.cpge-brizeux.fr\/wordpress\/category\/lettres-pcpsi\/lettres-pcpsi-2526\">Lettres philosophie<\/a><\/li>\n<li>Anglais :\u00a0<a href=\"http:\/\/www.cpge-brizeux.fr\/wordpress\/category\/pc\/anglais-pc-2526\">cours et devoirs<\/a> \/<a href=\"https:\/\/padlet.com\/annaick_christien\/moes-2025-2026-psi-pc-m61giooglzahjgbg\"> kh\u00f4lles<\/a> \/ <a href=\"https:\/\/padlet.com\/annaick_christien\/general-knowledge-nimo2l5trhh3vxw3\">culture g\u00e9n\u00e9rale<\/a> \/ <a href=\"https:\/\/padlet.com\/annaick_christien\/pronunciation-i3dq34e1olwn\">prononciation<\/a> \/ <a href=\"https:\/\/www.cpge-brizeux.fr\/wordpress\/pc\/anglais-pc-2324\/rdj.html\">RDJ<\/a> \/<a href=\"https:\/\/www.cpge-brizeux.fr\/wordpress\/pc\/anglais-pc-2324\/mcqs-2.html\">\u00a0QCMs<\/a><\/li>\n<li>LVB sur Pronote<\/li>\n<\/ul>\n<\/div>\n<div style=\"border: 2px solid; border-radius: 6px; color: #848484; padding-top: 1px; padding-bottom: 1px; padding-left: 20px; margin: 1px;\">\n<p><b><big><span style=\"color: #848484;\">Cahiers de textes 2024-2025<\/span><\/big><\/b><\/p>\n<ul style=\"color: #848484; padding-left: 20px; margin-left: 20px;\">\n<li><a href=\"http:\/\/www.cpge-brizeux.fr\/wordpress\/category\/pc\/mathematiques-pc-2425\">Math\u00e9matiques<\/a><\/li>\n<li><a href=\"http:\/\/www.cpge-brizeux.fr\/wordpress\/category\/pc\/physique-pc-2425\">Physique<\/a><\/li>\n<li><a href=\"https:\/\/www.cpge-brizeux.fr\/wordpress\/category\/pc\/chimie-pc-2425\">Chimie<\/a><\/li>\n<li><a href=\"http:\/\/www.cpge-brizeux.fr\/wordpress\/category\/pc\/informatique-pc-2425\">Informatique<\/a><\/li>\n<li><a href=\"http:\/\/www.cpge-brizeux.fr\/wordpress\/category\/pc\/tipe-pc-2425\">TIPE<\/a><\/li>\n<li><a href=\"http:\/\/www.cpge-brizeux.fr\/wordpress\/category\/lettres-pcpsi\/lettres-pcpsi-2425\">Lettres philosophie<\/a><\/li>\n<li>Anglais <a href=\"https:\/\/www.cpge-brizeux.fr\/wordpress\/wp-content\/uploads\/LV_ORAL_2024_24.10.pdf\">RDJ ORAUX CCINP<\/a>\u00a0 <a href=\"https:\/\/www.concours-centrale-supelec.fr\/sites\/default\/files\/documents\/rapCS2024MP_0.pdf\">RDJ ORAUX CENTRALE<\/a> <a href=\"http:\/\/www.cpge-brizeux.fr\/wordpress\/category\/pc\/anglais-pc-2425\">cours et devoirs<\/a> \/ k<a href=\"https:\/\/padlet.com\/annaick_christien\/moes-2023-2024-psi-pc-m61giooglzahjgbg\">h\u00f4lles<\/a> \/ <a href=\"https:\/\/padlet.com\/annaick_christien\/general-knowledge-nimo2l5trhh3vxw3\">culture g\u00e9n\u00e9rale<\/a> \/\u00a0<a href=\"https:\/\/padlet.com\/annaick_christien\/pronunciation-i3dq34e1olwn\">prononciation<\/a> <span style=\"color: #000000;\">\/ <a href=\"https:\/\/www.cpge-brizeux.fr\/wordpress\/pc\/anglais-pc-2324\/rdj.html\">RDJ<\/a> \/<\/span><a href=\"https:\/\/www.cpge-brizeux.fr\/wordpress\/pc\/anglais-pc-2324\/mcqs-2.html\">\u00a0QCMs<\/a><\/li>\n<li>LVB sur Pronote<\/li>\n<\/ul>\n<\/div>\n","protected":false},"excerpt":{"rendered":"<p>Documents utiles Planning des interrogations orales (mis \u00e0 jour le 01 f\u00e9vrier) Salles d&rsquo;interrogations orales (mis \u00e0 jour le 21 mars) Emploi du temps de l&rsquo;ann\u00e9e Planning indicatif des DS Notes d&rsquo;interrogations orales Portail Tout@tice pour Pronote Cahiers de textes&hellip;<\/p>\n<p class=\"more-link-p\"><a class=\"more-link\" href=\"https:\/\/www.cpge-brizeux.fr\/wordpress\/pc\">Read more &rarr;<\/a><\/p>\n","protected":false},"author":1,"featured_media":0,"parent":0,"menu_order":0,"comment_status":"closed","ping_status":"closed","template":"","meta":{"footnotes":""},"class_list":["post-153","page","type-page","status-publish","hentry"],"_links":{"self":[{"href":"https:\/\/www.cpge-brizeux.fr\/wordpress\/wp-json\/wp\/v2\/pages\/153","targetHints":{"allow":["GET"]}}],"collection":[{"href":"https:\/\/www.cpge-brizeux.fr\/wordpress\/wp-json\/wp\/v2\/pages"}],"about":[{"href":"https:\/\/www.cpge-brizeux.fr\/wordpress\/wp-json\/wp\/v2\/types\/page"}],"author":[{"embeddable":true,"href":"https:\/\/www.cpge-brizeux.fr\/wordpress\/wp-json\/wp\/v2\/users\/1"}],"replies":[{"embeddable":true,"href":"https:\/\/www.cpge-brizeux.fr\/wordpress\/wp-json\/wp\/v2\/comments?post=153"}],"version-history":[{"count":412,"href":"https:\/\/www.cpge-brizeux.fr\/wordpress\/wp-json\/wp\/v2\/pages\/153\/revisions"}],"predecessor-version":[{"id":38409,"href":"https:\/\/www.cpge-brizeux.fr\/wordpress\/wp-json\/wp\/v2\/pages\/153\/revisions\/38409"}],"wp:attachment":[{"href":"https:\/\/www.cpge-brizeux.fr\/wordpress\/wp-json\/wp\/v2\/media?parent=153"}],"curies":[{"name":"wp","href":"https:\/\/api.w.org\/{rel}","templated":true}]}}