{"id":30081,"date":"2023-08-20T15:30:58","date_gmt":"2023-08-20T13:30:58","guid":{"rendered":"https:\/\/www.cpge-brizeux.fr\/wordpress\/?page_id=30081"},"modified":"2024-09-19T21:12:57","modified_gmt":"2024-09-19T19:12:57","slug":"notre-structure","status":"publish","type":"page","link":"https:\/\/www.cpge-brizeux.fr\/wordpress\/notre-structure","title":{"rendered":"Notre structure"},"content":{"rendered":"<p style=\"text-align: justify;\">\nVous trouverez ici des informations sp\u00e9cifiques aux CPGE du lyc\u00e9e Brizeux, si vous souhaitez des informations plus g\u00e9n\u00e9rales, consultez <a href=\"https:\/\/www.cpge-brizeux.fr\/wordpress\/cpge-generales\">cette page<\/a>.\n<\/p>\n<h3 class=\"western\"><a name=\"__RefHeading__201_1626824709\"><\/a><span style=\"font-size: medium;\">Classes propos\u00e9es<\/span><\/h3>\n<p align=\"justify\">\nNotre structure se compose d&rsquo;une classe de premi\u00e8re ann\u00e9e (PCSI\u00a0: Physique Chimie Sciences de l\u2019Ing\u00e9nieur) et de deux classes de deuxi\u00e8me ann\u00e9e (PC : Physique Chimie et PSI : Physique Sciences de l\u2019Ing\u00e9nieur). Le choix de la fili\u00e8re suivie en deuxi\u00e8me ann\u00e9e se faisant en janvier, \u00e0 la fin du premier semestre de premi\u00e8re ann\u00e9e. Les effectifs moyens sont de 35 \u00e0 40 \u00e9l\u00e8ves en PCSI, 20 \u00e0 25 \u00e9l\u00e8ves en PC et PSI.<\/a><\/p>\n<p align=\"justify\"><a href=\"http:\/\/www.cpge-brizeux.fr\/wordpress\/wp-content\/uploads\/cycle.jpg\"><img loading=\"lazy\" decoding=\"async\" class=\"aligncenter wp-image-9169 size-large\" src=\"http:\/\/www.cpge-brizeux.fr\/wordpress\/wp-content\/uploads\/cycle-1024x439.jpg\" alt=\"cycle\" width=\"594\" height=\"254\" srcset=\"https:\/\/www.cpge-brizeux.fr\/wordpress\/wp-content\/uploads\/cycle-1024x439.jpg 1024w, https:\/\/www.cpge-brizeux.fr\/wordpress\/wp-content\/uploads\/cycle-300x129.jpg 300w, https:\/\/www.cpge-brizeux.fr\/wordpress\/wp-content\/uploads\/cycle-768x329.jpg 768w, https:\/\/www.cpge-brizeux.fr\/wordpress\/wp-content\/uploads\/cycle.jpg 1534w\" sizes=\"auto, (max-width: 594px) 100vw, 594px\" \/><\/a><\/p>\n<p align=\"justify\">Cette offre de formation apporte aux bacheliers deux fili\u00e8res qui repr\u00e9sentent un bon compromis entre la fili\u00e8re MP (Math\u00e9matiques Physique), o\u00f9 les math\u00e9matiques occupent un volume horaire plus cons\u00e9quent, et la fili\u00e8re PT (Physique Technologie) plus technique.<\/p>\n<p align=\"justify\"><a href=\"http:\/\/www.cpge-brizeux.fr\/wordpress\/wp-content\/uploads\/2.jpg\"><img loading=\"lazy\" decoding=\"async\" class=\"aligncenter wp-image-8798 size-large\" src=\"http:\/\/www.cpge-brizeux.fr\/wordpress\/wp-content\/uploads\/2-1024x576.jpg\" alt=\"2\" width=\"594\" height=\"334\" \/><\/p>\n<h3 class=\"western\"><a name=\"__RefHeading__201_1626824709\"><\/a><span style=\"font-size: medium;\">H\u00e9bergement<\/span><\/h3>\n<p align=\"justify\">\nDes places en chambres de deux sont r\u00e9serv\u00e9es \u00e0 l&rsquo;internat aux \u00e9l\u00e8ves de CPGE qui en feraient la demande, pour un co\u00fbt mod\u00e9r\u00e9 (tarifs fix\u00e9s par la r\u00e9gion Bretagne, voir <a href=\"https:\/\/www.bretagne.bzh\/services\/fiches\/lycees-nouveaux-tarifs\/\">le site d\u00e9di\u00e9<\/a>). Quelques images sont disponibles sur l&rsquo;article du <a href=\"http:\/\/www.ouest-france.fr\/bretagne\/quimper-29000\/internats-quimper-ils-font-quasi-le-plein-2819221\">Ouest-France du 13\/09\/2014<\/a>.  Il est \u00e9galement possible de louer un h\u00e9bergement \u00e0 Quimper. Certains \u00e9tudiants fr\u00e9quentent la r\u00e9sidence des Colverts.\n<\/p>\n<h3 class=\"western\"><a name=\"__RefHeading__201_1626824709\"><\/a><span style=\"font-size: medium;\">Restauration<\/span><\/h3>\n<p style=\"text-align: justify;\">\nLes \u00e9l\u00e8ves des CPGE b\u00e9n\u00e9ficient du self-service r\u00e9nov\u00e9 du lyc\u00e9e Brizeux, \u00e0 proximit\u00e9 imm\u00e9diate de l&rsquo;internat. Il est \u00e9galement possible de prendre les repas du soir au lyc\u00e9e sans \u00eatre interne (r\u00e9gime interne-extern\u00e9).\n<\/p>\n<p><a href=\"http:\/\/www.cpge-brizeux.fr\/wordpress\/wp-content\/uploads\/EC_6-LYCEE-BRIZEUX-2.jpg\"><img loading=\"lazy\" decoding=\"async\" class=\"aligncenter wp-image-12436 size-full\" src=\"http:\/\/www.cpge-brizeux.fr\/wordpress\/wp-content\/uploads\/EC_6-LYCEE-BRIZEUX-2.jpg\" width=\"761\" height=\"480\" \/><\/a><\/p>\n<h3 class=\"western\"><a name=\"__RefHeading__201_1626824709\"><\/a><span style=\"font-size: medium;\">Revue de presse<\/span><\/h3>\n<p>Quelques articles sur notre structure :<\/p>\n<ul>\n<li><a href=\"https:\/\/www.ouest-france.fr\/bretagne\/quimper-29000\/armel-le-cleach-parrain-de-la-promotion-des-prepas-scientifiques-a-quimper-96d96632-750e-11ef-a1b1-27949002d4f5\">Ouest-France du 18 septembre 2024<\/a><\/li>\n<li><a href=\"https:\/\/www.cpge-brizeux.fr\/wordpress\/wp-content\/uploads\/Telegramme-Quimper-29-12-2023-scaled.jpg\">Le T\u00e9l\u00e9gramme du 29\/12\/2023<\/a><\/li>\n<li><a href=\"https:\/\/www.letelegramme.fr\/finistere\/quimper\/a-quimper-le-lycee-brizeux-est-dote-d-un-batiment-scientifique-de-pointe-04-12-2022-13234189.php\">Le T\u00e9l\u00e9gramme du 05\/12\/2022<\/a><\/li>\n<li><a href=\"https:\/\/www.cpge-brizeux.fr\/wordpress\/wp-content\/uploads\/Cote_Quimper_20211006.pdf\">C\u00f4t\u00e9 Quimper du 06\/10\/2021<\/a><\/li>\n<li><a href=\"https:\/\/www.letelegramme.fr\/finistere\/quimper\/a-quimper-les-sciences-a-l-epreuve-du-reel-en-classes-prepa-video-31-01-2021-12696957.php\">Le T\u00e9l\u00e9gramme du 31\/01\/2021<\/a><\/li>\n<li><a href=\"https:\/\/www.cpge-brizeux.fr\/wordpress\/wp-content\/uploads\/OF_5_10_2020.pdf\">Ouest-France du 05\/10\/2020<\/a><\/li>\n<li><a href=\"http:\/\/www.cpge-brizeux.fr\/wordpress\/actualites\/quimper-mag-mai-2019.html\">Quimper Mag mai 2019<\/a><\/li>\n<li><a href=\"http:\/\/www.letelegramme.fr\/finistere\/quimper\/brizeux-la-voie-des-grandes-ecoles-23-12-2017-11792474.php\">Le T\u00e9l\u00e9gr. du 23\/12\/2017<\/a><\/li>\n<li><a href=\"https:\/\/www.ouest-france.fr\/bretagne\/quimper-29000\/apres-la-prepa-brizeux-ils-ont-appris-un-metier-5450323\">Ouest-France du 14\/12\/2017<\/a><\/li>\n<li><a href=\"http:\/\/www.lecourrier-leprogres.fr\/2017\/01\/21\/classes-preparatoires-scientifiques-a-quimpercomment-brizeux-fait-briller-ses-eleves\/\">L&rsquo;Hebdo du F. du 21\/01\/2017<\/a><\/li>\n<li><a href=\"http:\/\/www.ouest-france.fr\/bretagne\/quimper-29000\/pourquoi-ils-ont-choisi-la-prepa-sciences-brizeux-4453316\">Ouest-France du 03\/09\/2016<\/a><\/li>\n<\/ul>\n","protected":false},"excerpt":{"rendered":"<p>Vous trouverez ici des informations sp\u00e9cifiques aux CPGE du lyc\u00e9e Brizeux, si vous souhaitez des informations plus g\u00e9n\u00e9rales, consultez cette page. Classes propos\u00e9es Notre structure se compose d&rsquo;une classe de premi\u00e8re ann\u00e9e (PCSI\u00a0: Physique Chimie Sciences de l\u2019Ing\u00e9nieur) et de&hellip;<\/p>\n<p class=\"more-link-p\"><a class=\"more-link\" href=\"https:\/\/www.cpge-brizeux.fr\/wordpress\/notre-structure\">Read more &rarr;<\/a><\/p>\n","protected":false},"author":11,"featured_media":0,"parent":0,"menu_order":0,"comment_status":"closed","ping_status":"closed","template":"","meta":{"footnotes":""},"class_list":["post-30081","page","type-page","status-publish","hentry"],"_links":{"self":[{"href":"https:\/\/www.cpge-brizeux.fr\/wordpress\/wp-json\/wp\/v2\/pages\/30081","targetHints":{"allow":["GET"]}}],"collection":[{"href":"https:\/\/www.cpge-brizeux.fr\/wordpress\/wp-json\/wp\/v2\/pages"}],"about":[{"href":"https:\/\/www.cpge-brizeux.fr\/wordpress\/wp-json\/wp\/v2\/types\/page"}],"author":[{"embeddable":true,"href":"https:\/\/www.cpge-brizeux.fr\/wordpress\/wp-json\/wp\/v2\/users\/11"}],"replies":[{"embeddable":true,"href":"https:\/\/www.cpge-brizeux.fr\/wordpress\/wp-json\/wp\/v2\/comments?post=30081"}],"version-history":[{"count":12,"href":"https:\/\/www.cpge-brizeux.fr\/wordpress\/wp-json\/wp\/v2\/pages\/30081\/revisions"}],"predecessor-version":[{"id":33719,"href":"https:\/\/www.cpge-brizeux.fr\/wordpress\/wp-json\/wp\/v2\/pages\/30081\/revisions\/33719"}],"wp:attachment":[{"href":"https:\/\/www.cpge-brizeux.fr\/wordpress\/wp-json\/wp\/v2\/media?parent=30081"}],"curies":[{"name":"wp","href":"https:\/\/api.w.org\/{rel}","templated":true}]}}